 Let h be p(1). Let y be (-3 + h + 3)*(-3 - -2). Determine s(y).
-7
Let t(b) = b**2 - 11*b + 47. Let i be t(6). Suppose 62 = -i*p - 57. Let z(w) = -w**2 - 5*w + 6. Calculate z(p).
-8
Suppose 0 = -3*f - 3*k - 123, -22*k = -3*f - 26*k - 129. Let w(z) = 2*z + 54. Determine w(f).
-16
Let z(s) = -s**2 + s + 1. Let n(h) = 14*h**2 - 5*h - 4. Let w(d) = -n(d) - 5*z(d). Suppose 0 = 4*t - u + 3, 4*u + 1 = 4*t - u. What is w(t)?
-10
Let y(c) = 7 + 9 + 2007*c - 2020*c + 1 + 2*c**2. Give y(5).
2
Suppose 21*p - 97*p + 608 = 0. Let c(j) = j - 1. Let k(f) = -5*f - 8. Let b(d) = 6*c(d) + k(d). Determine b(p).
-6
Suppose 31 = -18*h + 13. Let z(x) = 29*x**2 - 8. Let a = -5 - -9. Let u(q) = -10*q**2 + 3. Let j(w) = a*z(w) + 11*u(w). Calculate j(h).
7
Let u(d) be the first derivative of 3*d**2/2 - 6*d - 29509. Suppose 28 = -0*a - 2*a - 5*c, -2*c + 8 = -4*a. Let m = a + 8. What is u(m)?
6
Let y(f) = 2*f + 10. Let r(x) = x**3 - 2*x**2 + 5*x + 15. Let h be r(11). Suppose 2*d - h = -235. Let p be 4/6*d/(-44). Determine y(p).
-4
Let s(d) = -16*d - 138. Suppose 20*p - 79 = -259. Give s(p).
6
Let j(n) = -n**3 - 3*n**2 + 5*n - 2. Let g(p) = p**2 - 8*p + 14. Let b be g(4). Let a(k) = -7*k + 3. Let x be a(b). Suppose -32 = -9*l + x*l. What is j(l)?
-6
Suppose -8*b + 2329 = -3*b + 3*d, 0 = 5*b + 2*d - 2326. Let a = b - 458. Let u(w) = -w**2 + 4*w + 6. Calculate u(a).
-6
Suppose -134 = -73*g - 72 - 427. Let d(l) = -l**2 - 10*l - 3. What is d(g)?
22
Let h(t) = -7*t + 20. Let k be h(4). Let c(n) = 2*n - 6. Let z(j) = -3*j + 13. Let u(g) = 5*c(g) + 3*z(g). Give u(k).
1
Let d(f) = -3*f**3 + 3*f**2 - 3*f - 2. Suppose -38*j = 447 - 561. Give d(j).
-65
Let w(x) = -x**2 + 4*x + 4. Suppose 5*m - 215 = -0*m. Let i be 6/(6 - 585/100). Let s = m - i. Calculate w(s).
7
Let r(i) = -7*i + 10 + 2*i - 14*i. Let n = -2394 - -2400. Let v(z) = -21*z + 11. Let d(o) = n*v(o) - 7*r(o). What is d(3)?
17
Suppose 2*l - 2 = -4*j + 10, -3*l = 6. Let s be ((-7)/(-2) - j)*-4. Let v(m) = m**3 - 3*m**2 + 3*m - 1. Give v(s).
1
Let j(r) = -12*r - 26. Let c(z) be the second derivative of 2*z**3/3 + 9*z**2/2 - 27*z. Let o(n) = 17*c(n) + 6*j(n). What is o(-2)?
5
Let c(z) = -9*z**2 + 4*z + 3. Let q(f) = -22*f**2 + 6*f + 10. Let g(r) = -5*c(r) + 2*q(r). Let b be 6 - (2 - (2 + 1)). Let y = 12 - b. What is g(y)?
-10
Let y(b) = -b + 1. Let t(q) = 1. Let p(f) = -t(f) - 2*y(f). Suppose 2*r + 16 - 4 = x, 0 = 5*x + 2*r. Suppose -x*a + 5*a - 9 = 0. Determine p(a).
3
Let j(t) = 2*t - 4. Let l be j(4). Let q(n) = 29*n**3 + n**2 + 1182*n + 3. Let b(v) = 40*v**3 + v**2 + 1625*v + 4. Let f(g) = 8*b(g) - 11*q(g). Calculate f(l).
7
Let x(a) = -a**3 - 6*a**2 - 10*a - 10. Let z = -8567 - -8561. Determine x(z).
50
Let s(x) = x**3 - 7*x + 8. Let r be s(-3). Suppose 21 = -3*p + r*u, 4*u - 40 + 8 = 4*p. Let d(c) = -c**2 - 6*c - 2. What is d(p)?
3
Let o(h) be the second derivative of h**5/20 - h**4/6 - 2*h**3/3 - h**2 + 3713*h - 2. Determine o(5).
53
Let c(i) = 25*i + 14. Let s(t) = 13*t + 19. Let r(n) = -3*c(n) + 5*s(n). Give r(6).
-7
Let u(c) = c**3 + 6*c**2 + 9*c + 10. Suppose z + 3*w - w = 8, -3*w + 22 = -z. Calculate u(z).
6
Let t(x) = x**2 + 28*x + 34. Let u(v) = -v**2 + v - 1. Let h(n) = -t(n) + u(n). Let c be h(-12). Let l(i) = -10 - 9*i**2 - i + 5 + 6. Calculate l(c).
-9
Let h(g) be the first derivative of -33 + 0*g - 1/24*g**4 - 1/60*g**5 + 1/2*g**3 + 15/2*g**2. Let d(w) be the second derivative of h(w). Calculate d(-3).
-3
Suppose -2*w = -23 + 5. Let u(d) = -12*d**2 + 8*d - 5. Let s(z) = -7*z**2 + 3*z - 3. Let b(t) = 5*s(t) - 3*u(t). What is b(w)?
0
Suppose z = 1, 117*y + 5*z = 122*y - 5. Suppose -y*b + 0*b = 8*b. Let i(u) be the first derivative of u**2/2 + 15*u - 1. Determine i(b).
15
Suppose -2 = -45*p + 88. Let u(n) = 1 - 8*n - 15*n**2 + 17*n**p - 2 - 5. Give u(4).
-6
Let x(b) = -123*b**2 + 47*b**2 + 24 + 75*b**2 - 19*b. Calculate x(-19).
24
Let j = 10 - 8. Let q(s) = 57 + 4*s**j - 3*s**2 - 50 + 4*s + 2*s. Let i = -24 + 19. What is q(i)?
2
Let t(s) = -36*s**3 + 21*s**2 + 4*s + 2. Let i(l) = 13*l**3 - 7*l**2 - 2*l. Let p(h) = -11*i(h) - 4*t(h). Calculate p(6).
-8
Let v(l) = -l + 7. Let u = -134 + 141. Let f(p) = 2*p - 17. Let t(w) = u*v(w) + 4*f(w). Give t(17).
-2
Let c = -10 - -4. Let v(t) = t**3 + 9*t**2 + 8*t - 6. Let l(r) = -3*r**3 - 28*r**2 - 26*r + 22. Let w(j) = -3*l(j) - 10*v(j). What is w(c)?
6
Suppose 3*k + 167 = 185. Suppose -2*r + l = k, -12*r = -15*r + 3*l - 3. Let d(g) = g**2 + g - 6. Calculate d(r).
14
Let g(b) = -b - 2 + 2 - 3. Suppose -24*l = -18*l - 1092. Let y = -177 + l. Give g(y).
-8
Let j(d) = 113*d + 107*d + 133*d**2 - 218*d - 5*d**3 - 267*d**2 + 132*d**2. Let i be (-3 + 0)*4/6. What is j(i)?
28
Let n(y) = -12 + 5*y + 5*y - 9*y. Let i = -6332 - -6335. Determine n(i).
-9
Suppose 2*s - 63 = 7*s - 4*b, -5 = s + 3*b. Let p(t) = -8*t - 38. Give p(s).
50
Suppose 6*w - 365 = 11*w. Let l = 62 + w. Let k(h) be the first derivative of h**2/2 + 10*h + 48. Determine k(l).
-1
Let b = 3 + -5. Let u(p) = 1. Let i(d) be the second derivative of -d**3/6 - 3*d**2/2 - 2*d + 67. Let m(y) = -i(y) - 4*u(y). Give m(b).
-3
Let d(v) = -v**3 + 9*v**2 - 20*v - 1. Let t(k) = 4*k**3 + 18*k**2 + 19*k + 7. Let i be t(-3). Calculate d(i).
-1
Let l(p) be the third derivative of p**5/10 - p**4/12 + 4*p**3/3 + 20*p**2 + 2*p + 2. Calculate l(4).
96
Let s = -3 + 8. Let j be 5/2*(-12)/(-15). Let k(q) = 3 - 3 + 4*q + j - 3*q. Calculate k(s).
7
Let z(r) be the third derivative of -r**6/120 + 7*r**5/60 - r**4/3 + 2*r**3 + 1940*r**2. What is z(6)?
0
Let l(s) be the first derivative of s**4/12 - 13*s**3/6 - 11*s**2/2 + 20*s - 75. Let x(t) be the first derivative of l(t). Calculate x(13).
-11
Let s(x) = 3 - 3 - 1 - 2*x. Let q be 6/117 + (2 - 2512/312). Give s(q).
11
Let k(c) = -73*c**2 - 21*c - 17. Let l(i) = 16*i**2 + i + 6. Let b(o) = 31*o**2 + 13. Let r(p) = -2*b(p) + 5*l(p). Let m(x) = 2*k(x) + 9*r(x). Determine m(-1).
15
Let z(n) = 107*n + 1403. Let i be z(-13). Let a(o) = -o**2 + 14*o + 4. Give a(i).
28
Let v(u) = 4*u + 4*u - 4*u - 5 - 5*u. Suppose -20*i = -21*i - 4. Determine v(i).
-1
Let z(b) = 22*b**2 + 2*b + 1. Suppose 26*t - 807 = -1. Let c be ((-1)/2)/(t/62). What is z(c)?
21
Let q(o) = -23*o**2 - 43*o + 14. Let x(u) = -10*u**2 - 20*u + 7. Let t(n) = 3*q(n) - 7*x(n). Calculate t(-14).
35
Let q be (2 + 3/3)*3. Let o(g) = 187*g**2 - 44*g**3 + 2*g + 93*g**3 - 196*g**2 - 2 - 48*g**3. What is o(q)?
16
Suppose 245 = 5*u + w, 3*u + 5*w - 2*w = 159. Let m = -52 + u. Let d(j) = j**2 - j. Give d(m).
20
Let d(j) be the third derivative of -j**6/120 - j**5/30 - j**3/2 + j**2 + 551*j. Determine d(-2).
-3
Let y = 634 + -630. Let x(b) = b - 22. Give x(y).
-18
Let r(m) = -2*m + 3. Let n(u) = -9*u + 23. Let c be n(9). Let t = c + 63. Give r(t).
-7
Let w(h) = -16*h**2 - 9*h - 22. Let r(o) = 7*o**2 + 5*o + 12. Let n(i) = 10*r(i) + 4*w(i). Calculate n(-3).
44
Let j(y) = y**3 + 4*y**2 + y + 1. Suppose -16*v + 74 = -14*v. Let n be 22/33 + (-242)/(-6). Let k = v - n. Give j(k).
-3
Let s be -10 + (-2 - (-3 - 1)). Let h(x) = 16*x**2 - x + 5. Let a(c) = 3*c**2 - 2*c. Let o(d) = 5*a(d) - h(d). Calculate o(s).
3
Let s(d) = 2*d + 121. Let p be s(-62). Let j(l) = 3*l**2 + 0*l + 2*l + l + 1. Give j(p).
19
Let t = 248 - 391. Let c = t - -148. Let l(u) = -u**2 + 5*u + 7. What is l(c)?
7
Let l(p) = p**2 - 5*p + 6. Suppose -5*v = -36 - 34. Suppose -c = -5*n + v, -2*c + 3*n = -0*n. Suppose 2*z - c = 2. Determine l(z).
2
Let a(t) = 13*t + 69. Let q be (-12)/(-32) - (9558/(-144))/(-9). Determine a(q).
-22
Suppose 0 = -153*y + 15*y + 966. Let h(k) be the third derivative of -k**4/24 + k**3/6 - k**2. Give h(y).
-6
Let l = 242 - 216. Let f(m) = 2*m**2 - 48*m - 105. Give f(l).
-1
Let d be ((-22)/(-8))/((-1)/(-4)). Suppose -q - 2*i - d = 0, -3*q + 7 = 5*i + 37. Let l be (2 - 3/3)/(-1)*q. Let f(o) = o**3 - 5*o**2 - o - 1. Calculate f(l).
-6
Suppose 4*j - 15 = 5. Let r(v) = j*v**2 - 5 - 3*v**2 - 5*v**2 + 3*v + 2*v**2. Let y be (6/30)/((-1)/(-20)). What is r(y)?
-9
Let h(s) = s + 22. Suppose 29*r = 4*a + 27*r + 98, 40 = -2*a - 2*r. Calculate h(a).
-1
Let q(l) = -2*l**3 + 6*l**2 + 6*l + 3. Let f be q(4). Let s(h) = 3*h**2 + 14*h + 4. Let u(m) = 8*m**2 + 38*m + 12. Let z(n) = 11*s(n) - 4*u(n). What is z(f)?
11
Let u(x) = -2 - 39 - 1726*x - x**2 - 33 + 1740*x. Give u(7).
-2